site?
True
Is 1498922161 composite?
True
Is 9897356719 a composite number?
False
Is 4615950341 composite?
True
Is 4237521859 composite?
True
Is 630776033 a prime number?
True
Is 77337478099 a prime number?
False
Is 5958510339 composite?
True
Is 1039545193 prime?
True
Is 3045112717 a prime number?
True
Is 36741674287 prime?
False
Is 54404900399 a composite number?
False
Is 12913529 a composite number?
False
Is 1243651021 prime?
True
Is 6410538467 prime?
True
Is 71096129309 a prime number?
True
Is 45946365107 a prime number?
True
Is 583251563 prime?
False
Is 2187867103 a composite number?
False
Is 2945217115 composite?
True
Is 931137891 a composite number?
True
Is 2572223581 a prime number?
True
Is 2456522395 a composite number?
True
Is 37505791069 a composite number?
False
Is 2556051217 prime?
False
Is 2350708423 a composite number?
True
Is 2193718523 composite?
False
Is 31504873 a prime number?
True
Is 6449350151 prime?
True
Is 14105292811 a prime number?
False
Is 2645475818 composite?
True
Is 466558093 composite?
True
Is 1651957511 prime?
True
Is 71767629497 a composite number?
True
Is 6108711127 a composite number?
False
Is 1351706219 a composite number?
False
Is 1104094499 a prime number?
False
Is 27016439041 composite?
False
Is 43611364529 a composite number?
True
Is 50033143 prime?
False
Is 485790961 prime?
False
Is 53584399541 prime?
True
Is 608369491 prime?
False
Is 2647221029 composite?
True
Is 29294803 composite?
False
Is 471287435 prime?
False
Is 1362012419 composite?
True
Is 8597097583 composite?
True
Is 22022402323 a prime number?
True
Is 54760474537 prime?
False
Is 45433525669 prime?
False
Is 6425737441 prime?
False
Is 296498687 a composite number?
False
Is 2053646431 a composite number?
True
Is 4014318769 composite?
False
Is 52338367331 a composite number?
False
Is 4269813623 composite?
False
Is 63871268269 a prime number?
False
Is 7204743037 a prime number?
True
Is 1741649771 prime?
True
Is 25723559891 prime?
False
Is 3384828743 a prime number?
True
Is 1687640621 prime?
True
Is 19515526619 a prime number?
True
Is 1753193501 a prime number?
True
Is 347584681 composite?
True
Is 25479341 a composite number?
True
Is 36833578351 prime?
True
Is 17732121103 a composite number?
False
Is 24527003573 a composite number?
True
Is 25297950413 a prime number?
True
Is 7509464243 a composite number?
False
Is 506002421 a prime number?
True
Is 1711852963 a composite number?
True
Is 4510855357 prime?
True
Is 221967023 a prime number?
False
Is 5713579543 composite?
True
Is 878933309 prime?
True
Is 408006083 composite?
False
Is 45516783619 a composite number?
True
Is 1535486362 prime?
False
Is 339300259 a composite number?
False
Is 646058173 composite?
True
Is 507363079 a composite number?
True
Is 7790002321 composite?
True
Is 35156133359 a prime number?
True
Is 33573131029 a prime number?
True
Is 445853113 a composite number?
True
Is 2930561581 composite?
False
Is 1418045999 composite?
False
Is 19498098533 a prime number?
True
Is 1064623871 a composite number?
True
Is 174855445 a composite number?
True
Is 237673212103 a composite number?
False
Is 965089997 a prime number?
True
Is 3020874785 a composite number?
True
Is 3847788239 a composite number?
False
Is 71175353 composite?
False
Is 683479829 a composite number?
False
Is 5269986521 composite?
False
Is 219629349941 a prime number?
True
Is 1912264009 prime?
False
Is 7939730521 a prime number?
True
Is 2386713499 a composite number?
True
Is 24832157809 composite?
False
Is 7854387487 composite?
False
Is 69883275659 composite?
False
Is 1008875339 a composite number?
False
Is 16620554381 a composite number?
False
Is 586417285 composite?
True
Is 1900994203 prime?
True
Is 26436047059 a composite number?
True
Is 254583323 composite?
False
Is 82983390001 a prime number?
True
Is 6357741809 a prime number?
False
Is 400548333 prime?
False
Is 4290845521 composite?
False
Is 2266866943 composite?
True
Is 6371500741 a composite number?
False
Is 3035477815 a prime number?
False
Is 1059532793 composite?
True
Is 5737339331 a composite number?
True
Is 912058253 composite?
True
Is 185174572361 a composite number?
False
Is 741490223 a prime number?
True
Is 484975349 composite?
True
Is 4386167251 composite?
False
Is 4055480873 a composite number?
True
Is 328255549 composite?
True
Is 86848877 composite?
True
Is 8132995261 a composite number?
False
Is 22878677 a composite number?
False
Is 105294781121 composite?
True
Is 3321068027 prime?
False
Is 2965158439 prime?
False
Is 11248381187 composite?
True
Is 2541812029 a composite number?
True
Is 612921191 prime?
True
Is 3982606567 a composite number?
False
Is 4866855055 prime?
False
Is 2252406019 a prime number?
True
Is 631638967 a prime number?
True
Is 19447661561 a composite number?
False
Is 5730181 composite?
False
Is 19408588963 a composite number?
False
Is 334846901 composite?
False
Is 2829538711 a prime number?
True
Is 857411927 prime?
False
Is 1890862679 composite?
True
Is 92879693 composite?
False
Is 105006791 composite?
False
Is 134152756791 prime?
False
Is 522192883 prime?
True
Is 2461425397 composite?
False
Is 3207766087 a prime number?
False
Is 76668982613 prime?
True
Is 68674639049 composite?
False
Is 6921463723 prime?
True
Is 32441185837 a composite number?
False
Is 3233548007 a prime number?
False
Is 11600767727 composite?
False
Is 25975957037 composite?
False
Is 762785921 composite?
True
Is 138153341 composite?
True
Is 29753288731 prime?
True
Is 5922005989 a composite number?
False
Is 8324026069 composite?
True
Is 15511803877 a prime number?
True
Is 1953086462 prime?
False
Is 1780955713 prime?
True
Is 4633576771 prime?
False
Is 129637403641 a prime number?
True
Is 16333865783 a prime number?
False
Is 14875034539 a composite number?
True
Is 15581582371 a prime number?
True
Is 92076063881 composite?
True
Is 67716124373 a composite number?
False
Is 22160574802 a prime number?
False
Is 26676562739 a composite number?
False
Is 3787145413 prime?
True
Is 22172468639 a composite number?
False
Is 878529097 a prime number?
False
Is 147845869 a prime number?
True
Is 3177443653 a prime number?
True
Is 438896389 prime?
False
Is 3587636011 a prime number?
True
Is 6338140573 prime?
False
Is 2373353263 a prime number?
True
Is 104579977 a prime number?
True
Is 11710860313 a composite number?
True
Is 7220882861 a composite number?
True
Is 10928930797 prime?
False
Is 4413960674 prime?
False
Is 512005301 a composite number?
True
Is 876804843 composite?
True
Is 607960131193 composite?
False
Is 26375627813 a prime number?
True
Is 1427156909 a composite number?
True
Is 2406627767 prime?
True
Is 32958718739 a prime number?
True
Is 3781690369 composite?
False
Is 27776983999 prime?
True
Is 2042409407 prime?
False
Is 649142477 a composite number?
False
Is 280387603 composite?
True
Is 1622820021 prime?
False
Is 21723609923 a composite number?
False
Is 967712267 composite?
True
Is 8609127853 composite?
True
Is 437555699 a prime number?
False
Is 67808009 a prime number?
True
Is 24054928487 a composite number?
False
Is 59200873549 a composite number?
True
Is 1892713915 prime?
False
Is 1275819889 prime?
True
Is 28552227343 a prime number?
False
Is 139904099 a prime number?
True
Is 69347417143 composite?
True
Is 1999465691 composite?
True
Is 3084294023 prime?
True
Is 1675230223 a prime number?
True
Is 5576273771 prime?
True
Is 2015880217 a prime number?
False
Is 313225301 a prime number?
False
Is 26649546173 a prime number?
False
Is 1131544109 a composite number?
False
Is 46804683621 composite?
True
Is 370270981 a prime number?
True
Is 14518351 prime?
True
Is 515852999 a prime number?
True
Is 755686717 a composite number?
True
Is 17522460559 a prime number?
True
Is 16755497221 a composite number?
True
Is 29356361 composite?
False
Is 23936302969 a composite number?
False
Is 607685971 prime?
True
Is 4136624545 prime?
False
Is 4222121767 composite?
False
Is 221232297709 a prime number?
False
Is 7533313 composite?
True
Is 1145485571 a prime number?
True
Is 17649658487 a prime number?
False
Is 848492531 a composite number?
False
Is 8090482603 a prime number?
False
Is 18785935087 prime?
False
Is 9624554141 a prime number?
True
Is 239399327 prime?
True
Is 297174257 prime?
True
Is 342495913 comp